o base 14
5c
-28 (base 11) to base 3
-1010
Convert a (base 15) to base 8.
12
Convert -210 (base 8) to base 12.
-b4
-1 (base 7) to base 9
-1
What is -34 (base 6) in base 16?
-16
2c (base 13) to base 10
38
What is -e2 (base 15) in base 4?
-3110
What is -10 (base 2) in base 3?
-2
What is c (base 14) in base 7?
15
What is 52 (base 11) in base 15?
3c
6 (base 16) to base 4
12
What is 44 (base 6) in base 12?
24
-82 (base 15) to base 3
-11112
121 (base 12) to base 7
331
What is -2 (base 13) in base 15?
-2
Convert -3 (base 12) to base 3.
-10
What is -300 (base 4) in base 7?
-66
21 (base 10) to base 15
16
What is -14 (base 5) in base 11?
-9
Convert -15 (base 15) to base 10.
-20
What is -10 (base 8) in base 15?
-8
What is -1 (base 10) in base 5?
-1
Convert -8 (base 12) to base 16.
-8
What is 25 (base 7) in base 11?
18
10 (base 3) to base 14
3
Convert -20101 (base 3) to base 16.
-ac
Convert -18 (base 16) to base 11.
-22
200 (base 4) to base 7
44
What is -3 (base 15) in base 14?
-3
3 (base 5) to base 3
10
14 (base 5) to base 13
9
Convert 8 (base 15) to base 16.
8
Convert 2 (base 14) to base 2.
10
2114 (base 5) to base 16
11c
What is 2b (base 16) in base 10?
43
What is -25 (base 9) in base 14?
-19
Convert 0 (base 3) to base 7.
0
-13 (base 5) to base 11
-8
Convert c (base 14) to base 7.
15
Convert 6 (base 8) to base 6.
10
Convert 2003 (base 4) to base 3.
11212
-22 (base 13) to base 15
-1d
What is 19 (base 10) in base 13?
16
What is -5 (base 9) in base 7?
-5
What is 2 (base 13) in base 6?
2
Convert 3 (base 16) to base 6.
3
What is 8 (base 13) in base 15?
8
What is 100 (base 3) in base 8?
11
Convert -1213 (base 4) to base 7.
-205
What is 114 (base 8) in base 15?
51
Convert 1a (base 15) to base 2.
11001
-12 (base 12) to base 6
-22
-b (base 16) to base 2
-1011
Convert -12 (base 3) to base 2.
-101
-3 (base 8) to base 16
-3
337 (base 10) to base 12
241
401 (base 5) to base 2
1100101
What is -a3 (base 16) in base 6?
-431
Convert -101 (base 3) to base 2.
-1010
Convert 0 (base 4) to base 9.
0
Convert -145 (base 11) to base 2.
-10101010
Convert 3 (base 10) to base 3.
10
What is 3 (base 16) in base 4?
3
What is -4 (base 10) in base 11?
-4
-46 (base 9) to base 6
-110
1e (base 15) to base 3
1002
What is -5 (base 8) in base 3?
-12
Convert -2 (base 15) to base 8.
-2
1001010 (base 2) to base 8
112
What is 0 (base 8) in base 16?
0
What is 402 (base 6) in base 2?
10010010
What is 25 (base 9) in base 13?
1a
What is 131 (base 11) in base 3?
12202
310 (base 5) to base 15
55
9 (base 11) to base 13
9
Convert -10 (base 4) to base 10.
-4
What is -101100 (base 2) in base 9?
-48
13 (base 13) to base 12
14
What is -12 (base 3) in base 5?
-10
Convert 6 (base 15) to base 5.
11
What is -4 (base 7) in base 5?
-4
Convert -103 (base 7) to base 2.
-110100
-128 (base 10) to base 15
-88
-10 (base 11) to base 8
-13
Convert -102 (base 3) to base 7.
-14
6 (base 11) to base 4
12
Convert -2 (base 8) to base 7.
-2
What is -1000 (base 5) in base 7?
-236
10 (base 4) to base 8
4
What is 1022 (base 3) in base 8?
43
Convert 5 (base 6) to base 8.
5
Convert 7 (base 8) to base 4.
13
a (base 15) to base 2
1010
Convert -365 (base 9) to base 10.
-302
-111 (base 5) to base 4
-133
Convert 36 (base 10) to base 8.
44
What is 100012 (base 3) in base 11?
206
What is -1 (base 10) in base 2?
-1
-1 (base 9) to base 3
-1
Convert 125 (base 8) to base 11.
78
27 (base 8) to base 4
113
What is 22 (base 13) in base 3?
1001
What is 2 (base 3) in base 16?
2
210 (base 3) to base 8
25
What is -10 (base 3) in base 13?
-3
-131 (base 5) to base 15
-2b
What is 301 (base 4) in base 13?
3a
What is -14 (base 5) in base 2?
-1001
What is 0 (base 13) in base 16?
0
161 (base 7) to base 5
332
-5 (base 9) to base 12
-5
-2 (base 9) to base 15
-2
What is -10 (base 14) in base 6?
-22
-55 (base 10) to base 9
-61
3 (base 15) to base 11
3
What is 10011 (base 2) in base 5?
34
-23 (base 5) to base 9
-14
-71 (base 12) to base 15
-5a
Convert -8 (base 15) to base 4.
-20
-2 (base 9) to base 14
-2
-10010101 (base 2) to base 15
-9e
What is -b (base 13) in base 3?
-102
What is 20 (base 5) in base 15?
a
2b (base 16) to base 8
53
What is 3 (base 14) in base 8?
3
What is 2 (base 6) in base 15?
2
What is 3 (base 15) in base 6?
3
Convert 2 (base 4) to base 13.
2
53 (base 13) to base 9
75
Convert -a9 (base 15) to base 8.
-237
2 (base 10) to base 8
2
-62 (base 8) to base 11
-46
233 (base 4) to base 6
115
What is 15 (base 7) in base 11?
11
What is 7 (base 11) in base 14?
7
-10 (base 9) to base 13
-9
What is 27 (base 11) in base 10?
29
232 (base 4) to base 9
51
Convert 2221 (base 3) to base 5.
304
Convert 1412 (base 5) to base 2.
11101000
Convert -231 (base 4) to base 15.
-30
-18 (base 10) to base 15
-13
-2 (base 9) to base 11
-2
Convert -44 (base 5) to base 13.
-1b
96 (base 10) to base 6
240
What is 0 (base 10) in base 12?
0
What is 31 (base 5) in base 11?
15
1 (base 6) to base 12
1
-1001 (base 2) to base 15
-9
-6 (base 16) to base 11
-6
What is 4 (base 16) in base 2?
100
-1 (base 4) to base 15
-1
13 (base 10) to base 3
111
What is -70 (base 16) in base 4?
-1300
Convert -1112 (base 3) to base 7.
-56
-131 (base 4) to base 10
-29
-350 (base 10) to base 7
-1010
What is -12 (base 9) in base 5?
-21
What is 3 (base 9) in base 11?
3
What is -2 (base 13) in base 10?
-2
What is -10 (base 10) in base 15?
-a
What is -20 (base 5) in base 3?
-101
What is -7 (base 15) in base 6?
-11
-7 (base 11) to base 10
-7
79 (base 10) to base 3
2221
What is -2 (base 13) in base 9?
-2
What is -70 (base 9) in base 12?
-53
-2 (base 10) to base 13
-2
What is 122 (base 10) in base 5?
442
Convert b9 (base 12) to base 15.
96
What is 101 (base 2) in base 8?
5
Convert -174 (base 9) to base 5.
-1043
Convert 1 (base 8) to base 14.
1
What is -1 (base 16) in base 3?
-1
Convert 34 (base 5) to base 12.
17
325 (base 9) to base 4
10022
5 (base 7) to base 15
5
-4 (base 10) to base 14
-4
-441 (base 9) to base 10
-361
-93 (base 12) to base 4
-1233
Convert 9f (base 16) to base 2.
10011111
0 (base 10) to base 8
0
Convert 46 (base 11) to base 7.
101
0 (base 6) to base 15
0
Convert 8 (base 11) to base 8.
10
What is -20 (base 4) in base 10?
-8
Convert 57 (base 14) to base 2.
1001101
Convert 121 (base 3) to base 5.
31
Convert 31 (base 5) to base 15.
11
Convert -33 (base 8) to base 3.
-1000
What is -121 (base 9) in base 5?
-400
What is -b (base 13) in base 14?
-b
24 (base 13) to base 9
33
What is 20 (base 4) in base 16?
8
-1 (base 4) to base 11
-1
What is -1 (base 9) in base 11?
-1
Convert -69 (base 11) to base 14.
-55
4 (base 9) to base 6
4
-12 (base 11) to base 6
-21
-20 (base 5) to base 2
-1010
Convert 59 (base 12) to base 14.
4d
-168 (base 15) to base 4
-11003
What is 13 (base 12) in base 2?
1111
Convert 34 (base 15) to base 16.
31
What is -1120 (base 3) in base 11?
-39
What is -1 (base 5) in base 14?
-1
Convert 42 (base 16) to base 8.
102
Convert 24 (base 9) to base 14.
18
-c7 (base 15) to base 9
-227
Convert 116 (base 7) to base 16.
3e
-440 (base 5) to base 6
-320
Convert 1d (base 16) to base 12.
25
-5 (base 12) to base 9
-5
Convert -1 (base 14) to base 8.
-1
Convert -3 (base 7) to base 4.
-3
What is -11000 (base 2) in base 11?
-22
Convert 96 (base 10) to base 4.
1200
What is 101 (base 3) in base 15?
a
Convert 0 (base 12) to base 14.
0
Convert -2 (base 8) to base 15.
-2
What is -211 (base 3) in base 12?
-1a
Convert -4 (base 7) to base 16.
-4
Convert 20202 (base 3) to base 15.
c2
What is 2 (base 5) in base 15?
2
Convert 6 (base 12) to base 16.
6
What is -54 (base 8) in base 14?
-32
-3a (base 15) to base 8
-67
Convert -2 (base 12) to base 13.
-2
What is -4 (base 9) in base 16?
-4
What is 1a (base 12) in base 9?
24
What is 8 (base 10) in base 15?
8
59 (base 14) to base 3
2221
What is -123 (base 6) in base 5?
-201
1 (base 5) to base 8
1
What is 2 (base 6) in base 10?
2
Convert 180 (base 11) to base 8.
321
110 (base 6) to base 5
132
a (base 15) to base 6
14
Convert 0 (base 11) to base 8.
0
3 (base 12) to base 8
3
Convert -13 (base 6) to base 15.
-9
Convert -22 (base 6) to base 12.
-12
Convert -5 (base 6) to base 2.
-101
Convert -47 (base 15) to base 8.
-103
-9 (base 11) to base 10
-9
What is 12 (base 11) in base 7?
16
Convert 8 (base 15) to base 7.
11
What is 4 (base 8) in base 13?
4
What is 0 (base 13) in base 